+ 1. Let y be x(-3). Suppose -3*o = 5*t + 20, 0 = -4*o + 4*t - t + 12. Suppose o = -d + 22 - 2. What is the greatest common divisor of y and d?
4
Suppose 4*v - 3 = 5. Suppose -2*y = 2*n - 138, v*n - 129 = -3*y + 13. What is the greatest common divisor of 26 and n?
13
Let o = -222 + 387. Calculate the greatest common divisor of 55 and o.
55
Let h = 5 - 2. Suppose w = h - 2. Calculate the highest common divisor of 3 and w.
1
Suppose -3*x + 46 = -44. Let a(q) = q**2 - q + 45. Let w(r) = r**2 - r. Let t be w(0). Let z be a(t). Calculate the highest common divisor of x and z.
15
Let i = -56 + 101. Let l = 4 - -14. Calculate the greatest common factor of l and i.
9
Let s be (16/(-10))/(((-8)/210)/2). What is the greatest common factor of 24 and s?
12
Let a be 1*-4*(-1 + 0). Let l = -2 + 2. Suppose l = v - 4 - 2. Calculate the greatest common divisor of v and a.
2
Let n(l) = 2*l**2 - 8*l + 3. Let d be n(6). Let p be 42/(-21) + (-598)/(-2). Calculate the highest common divisor of d and p.
27
Let k = -1716 + 3151. Suppose -5 = -5*m + k. Suppose 2*a = 6*a - m. What is the greatest common divisor of a and 18?
18
Let i(s) = s + 46. Let z be i(0). Suppose -b = -0*b - z. Suppose 31 = 3*q + f - b, 0 = -5*q + 5*f + 95. What is the greatest common factor of q and 6?
6
Suppose n = -u - 4, -2*u - 5*n = -6*u + 29. Let s be ((-9)/6)/(u/(-2)). Let b be (2 - s/2)*56. What is the highest common factor of 4 and b?
4
Let w be -5*(324/(-10))/3. What is the greatest common factor of 12 and w?
6
Let t be (-1 - 3) + 2 - -3. Suppose 0 = n + 1, f - 4*n - 12 = -0. Calculate the greatest common divisor of f and t.
1
Let y(q) = -4*q - 19. Let g be y(-6). Let x = g + 2. Calculate the highest common factor of 7 and x.
7
Suppose 4*p + 2*p - 756 = 0. Calculate the highest common divisor of p and 14.
14
Let p = 7 + 7. Let o(c) = 16*c + 6. Let w be o(-5). Let z = w - -109. What is the highest common divisor of p and z?
7
Let q(i) = i + 2*i - 2*i + 3 - 3*i. Let v be q(-3). What is the greatest common divisor of v and 9?
9
Let i be 3/(((-4)/(-2))/(-6)). Let h be (-70)/i + (-2)/(-9). What is the greatest common factor of 2 and h?
2
Let s be 3/6 + (-46)/(-4). Calculate the highest common divisor of s and 12.
12
Suppose 0 = 5*l - o - 29, -2 = -3*o + 1. Suppose l = p - 34. What is the highest common factor of 8 and p?
8
Let i = 3 + 1. Let b be 22/i*(4 - 0). What is the highest common factor of b and 242?
22
Suppose 5*g + 2*p - 22 = g, -5*g = 3*p - 29. Let s be (-3)/((-2)/8*1). Let h = s + g. What is the highest common factor of 24 and h?
8
Let x = 7 + -3. Suppose -q - 18 = -x*q. What is the highest common factor of q and 3?
3
Suppose -5*r + 139 = 49. Calculate the highest common divisor of r and 18.
18
Suppose -5*q + 110 = -0*q. Let i(h) = -29*h + 0 - 5 + 85*h + 3. Let l be i(2). Calculate the highest common factor of l and q.
22
Let c be (104/(-24))/((-1)/(-3)). Let t = 8 - c. What is the highest common divisor of t and 7?
7
Let d(s) = -7*s + 4. Let o be d(-2). Calculate the highest common factor of o and 162.
18
Suppose 3*w - 14 = 4. Suppose -y = -2*y + w. Let h be (3/y - 2)*-6. Calculate the greatest common factor of 72 and h.
9
Let l = -27 + 59. Let u = 64 - l. Suppose -o = o - u. Calculate the greatest common divisor of 16 and o.
16
Suppose -a + 160 = -2*o + 7*o, o = a + 32. What is the greatest common divisor of 8 and o?
8
Suppose -10 = -12*z + 10*z. Suppose -4*r - 14 = -2*c, -z*c + 5 = 4*r - 2. Calculate the greatest common factor of 2 and c.
1
Suppose -2*a - 3*l = -26, l = 3*a + 2*l - 39. Calculate the highest common divisor of a and 117.
13
Let k(w) = -9*w**3 + 2*w**2 - 1. Let q be k(-1). What is the greatest common factor of q and 10?
10
Let u be 3*1/6*16. Let f = -12 + 20. Calculate the greatest common factor of f and u.
8
Let b(j) = -j**3 + 6*j**2 + 2*j - 2. Let k be b(5). Calculate the greatest common divisor of k and 231.
33
Let c = 15 - -8. Suppose 3*j = 2*l + 749, -5*l + 301 = j + 23. What is the highest common factor of c and j?
23
Let p be -6 - -9 - (-2)/2. Suppose -225 = -b - p*b. Calculate the greatest common factor of 15 and b.
15
Let b(y) = 6*y + 4. Let x be b(2). Calculate the highest common factor of 80 and x.
16
Let a be (-576)/(-56) + 2/(-7). Let h(r) = 19*r + 2. Let t be h(a). Calculate the greatest common factor of t and 24.
24
Let g(l) = -l**3 - 6*l**2 - 6*l - 6. Let a be g(-5). Let q be (-15)/a*(-2)/(-6). Let s = 77 - q. What is the greatest common divisor of s and 8?
8
Let n = -18 - -26. Let d = n + -7. Suppose 2*b + d = 7. Calculate the greatest common factor of 3 and b.
3
Let f(l) = l**2 - 7*l - 1. Let u be f(9). What is the highest common divisor of 119 and u?
17
Let x(f) = 2*f**2 - f + 1. Let h be x(3). Let w = -365 + 389. Calculate the greatest common factor of h and w.
8
Let q(h) be the third derivative of h**5/30 + h**4/6 + h**3/6 + 2*h**2. Let p be q(-3). Calculate the highest common factor of 28 and p.
7
Suppose 12 = 5*v + 2. Suppose -v*p = -6*p + 112. Calculate the greatest common divisor of p and 4.
4
Let c = -62 - -72. Calculate the highest common factor of c and 5.
5
Let t(m) = -9*m**3 + m**2 - 2*m + 3. Let d be t(2). Let c = -30 - d. Calculate the highest common factor of 13 and c.
13
Let a(t) = 9*t - 3. Let m be a(5). Calculate the greatest common factor of 14 and m.
14
Let s be 1/((-2)/(2 - 58)). Suppose 0*v + s = v. Suppose 5*a - 3*a = 8. What is the highest common factor of v and a?
4
Let g be (-4)/(-16) - 82/8. Let x be (-9)/15 + (-106)/g. What is the highest common divisor of 10 and x?
10
Let r(k) be the second derivative of k**4/12 - k**3/6 + 5*k**2 + 2*k. Let t be r(0). Suppose -3*s + t - 4 = 0. What is the highest common factor of 1 and s?
1
Suppose -4*j = p - 1, 0 = -3*p + 5*j + 42 + 46. Calculate the greatest common factor of p and 84.
21
Let h be ((-45)/2)/3*-4. What is the highest common factor of 5 and h?
5
Let l = -44 + 88. Calculate the highest common factor of 11 and l.
11
Let d(i) = i**3 - 1 + 0 + 6*i**2 - i + 0*i**2. Let y be d(-4). Let b = y + 69. What is the highest common factor of b and 13?
13
Suppose 0 = -5*v + 4*k + 88, -55 = -2*v - 5*k - 0*k. Calculate the greatest common divisor of v and 50.
10
Let g(b) = -b**2 + 9*b - 6. Let o be g(6). Suppose f - 4*f = 6. Let k be f/(-4) + (-668)/(-8). Calculate the greatest common factor of k and o.
12
Let p be (-13)/(-5) - 14/(-35). Suppose -p*h - m = -243, 4*m - 5 - 7 = 0. Calculate the greatest common factor of h and 10.
10
Let y(d) = -d**3 - 14*d**2 - 17*d - 46. Let f be y(-13). Calculate the highest common divisor of 4 and f.
2
Let z(b) = -b**2 - 22*b - 54. Let w be z(-19). Calculate the greatest common divisor of w and 33.
3
Let z be (-3 - -1) + (1 - 13). Let w = -7 - z. Suppose 30*s - 25*s - 280 = 0. What is the highest common divisor of s and w?
7
Let v(z) = 33*z**3 + 4*z**2 + 5*z + 1. Let y(r) = r**3 + r**2 + r. Let t(x) = -v(x) + 3*y(x). Let c be t(-1). Calculate the highest common factor of 10 and c.
10
Let g(r) = -r**3 - 5*r**2 + 5*r + 5. Let w be g(-6). Suppose 4*s - 2 = 2*s. What is the greatest common divisor of w and s?
1
Let s be 2/1*(-14)/(-4). What is the highest common factor of 21 and s?
7
Let h = -3 + 4. Let j(m) = 73*m**2 - 3*m + 2. Let v be j(h). What is the greatest common factor of v and 18?
18
Suppose 4*u - 35 - 41 = 0. Calculate the highest common divisor of u and 133.
19
Suppose -y + 21 = 5*p - 12, 0 = 2*y - 6. Let c be 5/((-10)/p - -2). Suppose -z = 2*z - c. What is the greatest common divisor of 35 and z?
5
Suppose -4*d + 148 = 3*j, -5*d + 2*j + 0*j + 208 = 0. Calculate the highest common divisor of d and 4.
4
Suppose 29 + 5 = z. Let d(o) = -o**3 + 4*o**2. Let g be d(4). Suppose g*q = -4*q + 68. What is the greatest common factor of z and q?
17
Suppose 13*t - 56 = 9*t. Calculate the greatest common divisor of t and 126.
14
Let t(p) = -7*p + 21. Let d be t(2). What is the greatest common factor of d and 63?
7
Let j(g) = -g + 4. Let p be j(4). Let r be 1/1*(28 - -1). Suppose -2*k + r = 3*z, 4*k + p*z - 5*z = 47. What is the greatest common divisor of 117 and k?
13
Suppose 3*l = -3*s + 21, 0 = 3*l - 0*l - 2*s - 31. Calculate the greatest common factor of l and 63.
9
Let q = -7 + 11. Calculate the highest common divisor of q and 36.
4
Let a be ((-20)/